{"id":3891,"date":"2019-09-24T06:14:44","date_gmt":"2019-09-24T06:14:44","guid":{"rendered":"https:\/\/www.szekelykapuk.ro\/?page_id=3891"},"modified":"2019-09-24T06:18:59","modified_gmt":"2019-09-24T06:18:59","slug":"60-2","status":"publish","type":"page","link":"https:\/\/www.szekelykapuk.ro\/index.php\/60-2\/","title":{"rendered":"60."},"content":{"rendered":"<p style=\"font-weight: 400;\">Tulajdonos neve: K\u00f3sa B\u00edborka. A kapu helye: Gyergy\u00f3\u00fajfalu, 235 sz\u00e1m. \u00c9p\u00edt\u00e9s \u00e9ve: 1923. Fel\u00faj\u00edt\u00e1s nem t\u00f6rt\u00e9nt. Felirat: csak az \u00e9vsz\u00e1m, 1923.<\/p>\n<div class=\"better-gallery-container\"><div id=\"gallery-2030573492\" class=\"better-gallery  better-gallery-img-publisher-lg\" data-gallery-id=\"2030573492\"> <div class=\"fotorama\" data-nav=\"thumbs\" data-auto=\"false\" data-ratio=\"16\/7\"><div data-thumb=\"https:\/\/www.szekelykapuk.ro\/wp-content\/uploads\/2019\/09\/3gyergyoujfalu-150x150.jpg\">\n                        <a href=\"https:\/\/www.szekelykapuk.ro\/wp-content\/uploads\/2019\/09\/3gyergyoujfalu.jpg\" class=\"slide-link\" data-not-rel=\"true\">\n                            <img decoding=\"async\"  data-id=\"3892\" src=\"https:\/\/www.szekelykapuk.ro\/wp-content\/uploads\/2019\/09\/3gyergyoujfalu.jpg\">\n                        <\/a>\n                    <div class=\"slide-title-wrap\"><\/div><\/div><div data-thumb=\"https:\/\/www.szekelykapuk.ro\/wp-content\/uploads\/2019\/09\/2gyergyoujfalu-150x150.jpg\">\n                        <a href=\"https:\/\/www.szekelykapuk.ro\/wp-content\/uploads\/2019\/09\/2gyergyoujfalu.jpg\" class=\"slide-link\" data-not-rel=\"true\">\n                            <img decoding=\"async\"  data-id=\"3893\" src=\"https:\/\/www.szekelykapuk.ro\/wp-content\/uploads\/2019\/09\/2gyergyoujfalu.jpg\">\n                        <\/a>\n                    <div class=\"slide-title-wrap\"><\/div><\/div><div data-thumb=\"https:\/\/www.szekelykapuk.ro\/wp-content\/uploads\/2019\/09\/1gyergyoujfalu-150x150.jpg\">\n                        <a href=\"https:\/\/www.szekelykapuk.ro\/wp-content\/uploads\/2019\/09\/1gyergyoujfalu.jpg\" class=\"slide-link\" data-not-rel=\"true\">\n                            <img decoding=\"async\"  data-id=\"3894\" src=\"https:\/\/www.szekelykapuk.ro\/wp-content\/uploads\/2019\/09\/1gyergyoujfalu.jpg\">\n                        <\/a>\n                    <div class=\"slide-title-wrap\"><\/div><\/div><\/div><div class=\"gallery-title clearfix\">    <span class=\"prev\"><i class=\"fa fa-angle-left\"><\/i> El\u0151z\u0151<\/span>\n                    <span class=\"count\"><i class=\"current\">1<\/i> A <i class=\"total\">3<\/i><\/span>\n                    <span class=\"next\">K\u00f6vetkez\u0151 <i class=\"fa fa-angle-right\"><\/i><\/span>\n                <\/div><\/div><script>var prt_gal_img_2030573492 = [\"https:\\\/\\\/www.szekelykapuk.ro\\\/wp-content\\\/uploads\\\/2019\\\/09\\\/3gyergyoujfalu.jpg\",\"https:\\\/\\\/www.szekelykapuk.ro\\\/wp-content\\\/uploads\\\/2019\\\/09\\\/2gyergyoujfalu.jpg\",\"https:\\\/\\\/www.szekelykapuk.ro\\\/wp-content\\\/uploads\\\/2019\\\/09\\\/1gyergyoujfalu.jpg\"]; var prt_gal_cap_2030573492 = [\"\",\"\",\"\"]; <\/script><\/div>\n","protected":false},"excerpt":{"rendered":"<p>Tulajdonos neve: K\u00f3sa B\u00edborka. A kapu helye: Gyergy\u00f3\u00fajfalu, 235 sz\u00e1m. \u00c9p\u00edt\u00e9s \u00e9ve: 1923. Fel\u00faj\u00edt\u00e1s nem t\u00f6rt\u00e9nt. Felirat: csak az \u00e9vsz\u00e1m, 1923.<\/p>\n","protected":false},"author":1,"featured_media":0,"parent":0,"menu_order":0,"comment_status":"closed","ping_status":"closed","template":"","meta":{"_bbp_topic_count":0,"_bbp_reply_count":0,"_bbp_total_topic_count":0,"_bbp_total_reply_count":0,"_bbp_voice_count":0,"_bbp_anonymous_reply_count":0,"_bbp_topic_count_hidden":0,"_bbp_reply_count_hidden":0,"_bbp_forum_subforum_count":0,"footnotes":""},"class_list":["post-3891","page","type-page","status-publish","hentry"],"_links":{"self":[{"href":"https:\/\/www.szekelykapuk.ro\/index.php\/wp-json\/wp\/v2\/pages\/3891","targetHints":{"allow":["GET"]}}],"collection":[{"href":"https:\/\/www.szekelykapuk.ro\/index.php\/wp-json\/wp\/v2\/pages"}],"about":[{"href":"https:\/\/www.szekelykapuk.ro\/index.php\/wp-json\/wp\/v2\/types\/page"}],"author":[{"embeddable":true,"href":"https:\/\/www.szekelykapuk.ro\/index.php\/wp-json\/wp\/v2\/users\/1"}],"replies":[{"embeddable":true,"href":"https:\/\/www.szekelykapuk.ro\/index.php\/wp-json\/wp\/v2\/comments?post=3891"}],"version-history":[{"count":2,"href":"https:\/\/www.szekelykapuk.ro\/index.php\/wp-json\/wp\/v2\/pages\/3891\/revisions"}],"predecessor-version":[{"id":3896,"href":"https:\/\/www.szekelykapuk.ro\/index.php\/wp-json\/wp\/v2\/pages\/3891\/revisions\/3896"}],"wp:attachment":[{"href":"https:\/\/www.szekelykapuk.ro\/index.php\/wp-json\/wp\/v2\/media?parent=3891"}],"curies":[{"name":"wp","href":"https:\/\/api.w.org\/{rel}","templated":true}]}}