{"id":3813,"date":"2019-04-25T08:33:46","date_gmt":"2019-04-25T08:33:46","guid":{"rendered":"https:\/\/www.szekelykapuk.ro\/?page_id=3813"},"modified":"2019-04-25T08:33:46","modified_gmt":"2019-04-25T08:33:46","slug":"51-2","status":"publish","type":"page","link":"https:\/\/www.szekelykapuk.ro\/index.php\/51-2\/","title":{"rendered":"51."},"content":{"rendered":"<p><span id=\"fbPhotoSnowliftCaption\" class=\"fbPhotosPhotoCaption\" tabindex=\"0\" aria-live=\"polite\" data-ft=\"{&quot;tn&quot;:&quot;K&quot;}\"><span class=\"hasCaption\">Borzsova, 166 sz\u00e1m, Hargita megye. \u00c9p\u00edt\u00e9s \u00e9ve: 1988-ban faragt\u00e1k, 1993. aug. 8-\u00e1n lett fel\u00e1ll\u00edtva-felavatva. Fel\u00faj\u00edt\u00e1s \u00e9ve (ha t\u00f6rt\u00e9nt): 2018 \u0151sz\u00e9n a r\u00e9gi hely\u00e9hez k\u00e9pest n\u00e9h\u00e1ny m\u00e9terrel od\u00e9bb k\u00f6lt\u00f6z\u00f6tt. Felirat: El\u0151l: &#8220;Az\u00e9rt vagyunk a vil\u00e1gon, hogy valahol otthon legy\u00fcnk benne&#8221; Tam\u00e1si \u00c1ron. H\u00e1tul: \u201c\u00c1ll\u00edtatta Balogh Attila-\u00c1rp\u00e1d \u00e9s neje K\u00e1nya \u00c9va. Faragta Pak\u00f3 G\u00e1bor<\/span><\/span><\/p>\n<div class=\"better-gallery-container\"><div id=\"gallery-1293617061\" class=\"better-gallery  better-gallery-img-publisher-lg\" data-gallery-id=\"1293617061\"> <div class=\"fotorama\" data-nav=\"thumbs\" data-auto=\"false\" data-ratio=\"16\/7\"><div data-thumb=\"https:\/\/www.szekelykapuk.ro\/wp-content\/uploads\/2019\/04\/57726653_1404382743037762_9076310986545168384_n-1-150x150.jpg\">\n                        <a href=\"https:\/\/www.szekelykapuk.ro\/wp-content\/uploads\/2019\/04\/57726653_1404382743037762_9076310986545168384_n-1.jpg\" class=\"slide-link\" data-not-rel=\"true\">\n                            <img decoding=\"async\"  data-id=\"3816\" src=\"https:\/\/www.szekelykapuk.ro\/wp-content\/uploads\/2019\/04\/57726653_1404382743037762_9076310986545168384_n-1-750x430.jpg\">\n                        <\/a>\n                    <div class=\"slide-title-wrap\"><\/div><\/div><div data-thumb=\"https:\/\/www.szekelykapuk.ro\/wp-content\/uploads\/2019\/04\/57750816_1404382683037768_837705273408749568_o-150x150.jpg\">\n                        <a href=\"https:\/\/www.szekelykapuk.ro\/wp-content\/uploads\/2019\/04\/57750816_1404382683037768_837705273408749568_o.jpg\" class=\"slide-link\" data-not-rel=\"true\">\n                            <img decoding=\"async\"  data-id=\"3817\" src=\"https:\/\/www.szekelykapuk.ro\/wp-content\/uploads\/2019\/04\/57750816_1404382683037768_837705273408749568_o-750x430.jpg\">\n                        <\/a>\n                    <div class=\"slide-title-wrap\"><\/div><\/div><div data-thumb=\"https:\/\/www.szekelykapuk.ro\/wp-content\/uploads\/2019\/04\/58580552_1404382719704431_5686028089876807680_n-150x150.jpg\">\n                        <a href=\"https:\/\/www.szekelykapuk.ro\/wp-content\/uploads\/2019\/04\/58580552_1404382719704431_5686028089876807680_n.jpg\" class=\"slide-link\" data-not-rel=\"true\">\n                            <img decoding=\"async\"  data-id=\"3818\" src=\"https:\/\/www.szekelykapuk.ro\/wp-content\/uploads\/2019\/04\/58580552_1404382719704431_5686028089876807680_n-716x430.jpg\">\n                        <\/a>\n                    <div class=\"slide-title-wrap\"><\/div><\/div><div data-thumb=\"https:\/\/www.szekelykapuk.ro\/wp-content\/uploads\/2019\/04\/58375191_1404382929704410_4255580706433925120_o-150x150.jpg\">\n                        <a href=\"https:\/\/www.szekelykapuk.ro\/wp-content\/uploads\/2019\/04\/58375191_1404382929704410_4255580706433925120_o.jpg\" class=\"slide-link\" data-not-rel=\"true\">\n                            <img decoding=\"async\"  data-id=\"3819\" src=\"https:\/\/www.szekelykapuk.ro\/wp-content\/uploads\/2019\/04\/58375191_1404382929704410_4255580706433925120_o-750x430.jpg\">\n                        <\/a>\n                    <div class=\"slide-title-wrap\"><\/div><\/div><div data-thumb=\"https:\/\/www.szekelykapuk.ro\/wp-content\/uploads\/2019\/04\/58612907_1404382906371079_5258858296248369152_n-1-150x150.jpg\">\n                        <a href=\"https:\/\/www.szekelykapuk.ro\/wp-content\/uploads\/2019\/04\/58612907_1404382906371079_5258858296248369152_n-1.jpg\" class=\"slide-link\" data-not-rel=\"true\">\n                            <img decoding=\"async\"  data-id=\"3820\" src=\"https:\/\/www.szekelykapuk.ro\/wp-content\/uploads\/2019\/04\/58612907_1404382906371079_5258858296248369152_n-1-716x430.jpg\">\n                        <\/a>\n                    <div class=\"slide-title-wrap\"><\/div><\/div><\/div><div class=\"gallery-title clearfix\">    <span class=\"prev\"><i class=\"fa fa-angle-left\"><\/i> El\u0151z\u0151<\/span>\n                    <span class=\"count\"><i class=\"current\">1<\/i> A <i class=\"total\">5<\/i><\/span>\n                    <span class=\"next\">K\u00f6vetkez\u0151 <i class=\"fa fa-angle-right\"><\/i><\/span>\n                <\/div><\/div><script>var prt_gal_img_1293617061 = [\"https:\\\/\\\/www.szekelykapuk.ro\\\/wp-content\\\/uploads\\\/2019\\\/04\\\/57726653_1404382743037762_9076310986545168384_n-1.jpg\",\"https:\\\/\\\/www.szekelykapuk.ro\\\/wp-content\\\/uploads\\\/2019\\\/04\\\/57750816_1404382683037768_837705273408749568_o.jpg\",\"https:\\\/\\\/www.szekelykapuk.ro\\\/wp-content\\\/uploads\\\/2019\\\/04\\\/58580552_1404382719704431_5686028089876807680_n.jpg\",\"https:\\\/\\\/www.szekelykapuk.ro\\\/wp-content\\\/uploads\\\/2019\\\/04\\\/58375191_1404382929704410_4255580706433925120_o.jpg\",\"https:\\\/\\\/www.szekelykapuk.ro\\\/wp-content\\\/uploads\\\/2019\\\/04\\\/58612907_1404382906371079_5258858296248369152_n-1.jpg\"]; var prt_gal_cap_1293617061 = [\"\",\"\",\"\",\"\",\"\"]; <\/script><\/div>\n","protected":false},"excerpt":{"rendered":"<p>Borzsova, 166 sz\u00e1m, Hargita megye. \u00c9p\u00edt\u00e9s \u00e9ve: 1988-ban faragt\u00e1k, 1993. aug. 8-\u00e1n lett fel\u00e1ll\u00edtva-felavatva. Fel\u00faj\u00edt\u00e1s \u00e9ve (ha t\u00f6rt\u00e9nt): 2018 \u0151sz\u00e9n a r\u00e9gi hely\u00e9hez k\u00e9pest n\u00e9h\u00e1ny m\u00e9terrel od\u00e9bb k\u00f6lt\u00f6z\u00f6tt. Felirat: El\u0151l: &#8220;Az\u00e9rt vagyunk a vil\u00e1gon, hogy valahol otthon legy\u00fcnk benne&#8221; Tam\u00e1si \u00c1ron. H\u00e1tul: \u201c\u00c1ll\u00edtatta Balogh Attila-\u00c1rp\u00e1d \u00e9s neje K\u00e1nya \u00c9va. Faragta Pak\u00f3 G\u00e1bor<\/p>\n","protected":false},"author":1,"featured_media":0,"parent":0,"menu_order":0,"comment_status":"closed","ping_status":"closed","template":"","meta":{"_bbp_topic_count":0,"_bbp_reply_count":0,"_bbp_total_topic_count":0,"_bbp_total_reply_count":0,"_bbp_voice_count":0,"_bbp_anonymous_reply_count":0,"_bbp_topic_count_hidden":0,"_bbp_reply_count_hidden":0,"_bbp_forum_subforum_count":0,"footnotes":""},"class_list":["post-3813","page","type-page","status-publish","hentry"],"_links":{"self":[{"href":"https:\/\/www.szekelykapuk.ro\/index.php\/wp-json\/wp\/v2\/pages\/3813","targetHints":{"allow":["GET"]}}],"collection":[{"href":"https:\/\/www.szekelykapuk.ro\/index.php\/wp-json\/wp\/v2\/pages"}],"about":[{"href":"https:\/\/www.szekelykapuk.ro\/index.php\/wp-json\/wp\/v2\/types\/page"}],"author":[{"embeddable":true,"href":"https:\/\/www.szekelykapuk.ro\/index.php\/wp-json\/wp\/v2\/users\/1"}],"replies":[{"embeddable":true,"href":"https:\/\/www.szekelykapuk.ro\/index.php\/wp-json\/wp\/v2\/comments?post=3813"}],"version-history":[{"count":1,"href":"https:\/\/www.szekelykapuk.ro\/index.php\/wp-json\/wp\/v2\/pages\/3813\/revisions"}],"predecessor-version":[{"id":3822,"href":"https:\/\/www.szekelykapuk.ro\/index.php\/wp-json\/wp\/v2\/pages\/3813\/revisions\/3822"}],"wp:attachment":[{"href":"https:\/\/www.szekelykapuk.ro\/index.php\/wp-json\/wp\/v2\/media?parent=3813"}],"curies":[{"name":"wp","href":"https:\/\/api.w.org\/{rel}","templated":true}]}}