{"id":3564,"date":"2019-04-03T07:43:32","date_gmt":"2019-04-03T07:43:32","guid":{"rendered":"https:\/\/www.szekelykapuk.ro\/?page_id=3564"},"modified":"2019-04-16T07:53:02","modified_gmt":"2019-04-16T07:53:02","slug":"22-2","status":"publish","type":"page","link":"https:\/\/www.szekelykapuk.ro\/index.php\/22-2\/","title":{"rendered":"22."},"content":{"rendered":"<table style=\"text-transform: initial;\" width=\"100%\">\n<tbody>\n<tr>\n<td width=\"52%\">Cs\u00edkmadaras 688.sz\u00e1m<\/td>\n<td width=\"47%\"><\/td>\n<\/tr>\n<\/tbody>\n<\/table>\n<p><span lang=\"HU\"><br \/>\nFel\u00faj\u00edtva a Bethlen G\u00e1bor Alapkezel\u0151 Zrt. t\u00e1mogat\u00e1s\u00e1val, 2<\/span><span lang=\"RO\">016-ban.<\/span><\/p>\n<p><img fetchpriority=\"high\" decoding=\"async\" class=\"aligncenter wp-image-3565 size-large\" src=\"https:\/\/www.szekelykapuk.ro\/wp-content\/uploads\/2019\/04\/csikmadaras-1024x680.jpg\" alt=\"\" width=\"1024\" height=\"680\" srcset=\"https:\/\/www.szekelykapuk.ro\/wp-content\/uploads\/2019\/04\/csikmadaras-1024x680.jpg 1024w, https:\/\/www.szekelykapuk.ro\/wp-content\/uploads\/2019\/04\/csikmadaras-300x199.jpg 300w, https:\/\/www.szekelykapuk.ro\/wp-content\/uploads\/2019\/04\/csikmadaras-768x510.jpg 768w, https:\/\/www.szekelykapuk.ro\/wp-content\/uploads\/2019\/04\/csikmadaras-200x133.jpg 200w, https:\/\/www.szekelykapuk.ro\/wp-content\/uploads\/2019\/04\/csikmadaras-272x182.jpg 272w, https:\/\/www.szekelykapuk.ro\/wp-content\/uploads\/2019\/04\/csikmadaras.jpg 1111w\" sizes=\"(max-width: 1024px) 100vw, 1024px\" \/><\/p>\n<p><img decoding=\"async\" class=\"aligncenter size-large wp-image-3752\" src=\"https:\/\/www.szekelykapuk.ro\/wp-content\/uploads\/2019\/04\/57154832_1397060340436669_2505773049647726592_o-1024x683.jpg\" alt=\"\" width=\"1024\" height=\"683\" srcset=\"https:\/\/www.szekelykapuk.ro\/wp-content\/uploads\/2019\/04\/57154832_1397060340436669_2505773049647726592_o-1024x683.jpg 1024w, https:\/\/www.szekelykapuk.ro\/wp-content\/uploads\/2019\/04\/57154832_1397060340436669_2505773049647726592_o-300x200.jpg 300w, https:\/\/www.szekelykapuk.ro\/wp-content\/uploads\/2019\/04\/57154832_1397060340436669_2505773049647726592_o-768x512.jpg 768w, https:\/\/www.szekelykapuk.ro\/wp-content\/uploads\/2019\/04\/57154832_1397060340436669_2505773049647726592_o-200x133.jpg 200w, https:\/\/www.szekelykapuk.ro\/wp-content\/uploads\/2019\/04\/57154832_1397060340436669_2505773049647726592_o-272x182.jpg 272w, https:\/\/www.szekelykapuk.ro\/wp-content\/uploads\/2019\/04\/57154832_1397060340436669_2505773049647726592_o.jpg 2048w\" sizes=\"(max-width: 1024px) 100vw, 1024px\" \/><img decoding=\"async\" class=\"aligncenter size-large wp-image-3753\" src=\"https:\/\/www.szekelykapuk.ro\/wp-content\/uploads\/2019\/04\/57234012_1397060300436673_6754955023609757696_o-1024x683.jpg\" alt=\"\" width=\"1024\" height=\"683\" srcset=\"https:\/\/www.szekelykapuk.ro\/wp-content\/uploads\/2019\/04\/57234012_1397060300436673_6754955023609757696_o-1024x683.jpg 1024w, https:\/\/www.szekelykapuk.ro\/wp-content\/uploads\/2019\/04\/57234012_1397060300436673_6754955023609757696_o-300x200.jpg 300w, https:\/\/www.szekelykapuk.ro\/wp-content\/uploads\/2019\/04\/57234012_1397060300436673_6754955023609757696_o-768x512.jpg 768w, https:\/\/www.szekelykapuk.ro\/wp-content\/uploads\/2019\/04\/57234012_1397060300436673_6754955023609757696_o-200x133.jpg 200w, https:\/\/www.szekelykapuk.ro\/wp-content\/uploads\/2019\/04\/57234012_1397060300436673_6754955023609757696_o-272x182.jpg 272w, https:\/\/www.szekelykapuk.ro\/wp-content\/uploads\/2019\/04\/57234012_1397060300436673_6754955023609757696_o.jpg 2048w\" sizes=\"(max-width: 1024px) 100vw, 1024px\" \/><img loading=\"lazy\" decoding=\"async\" class=\"aligncenter size-large wp-image-3754\" src=\"https:\/\/www.szekelykapuk.ro\/wp-content\/uploads\/2019\/04\/56877106_1397060317103338_748744238576959488_n.jpg\" alt=\"\" width=\"640\" height=\"960\" srcset=\"https:\/\/www.szekelykapuk.ro\/wp-content\/uploads\/2019\/04\/56877106_1397060317103338_748744238576959488_n.jpg 640w, https:\/\/www.szekelykapuk.ro\/wp-content\/uploads\/2019\/04\/56877106_1397060317103338_748744238576959488_n-200x300.jpg 200w, https:\/\/www.szekelykapuk.ro\/wp-content\/uploads\/2019\/04\/56877106_1397060317103338_748744238576959488_n-133x200.jpg 133w\" sizes=\"(max-width: 640px) 100vw, 640px\" \/><\/p>\n","protected":false},"excerpt":{"rendered":"<p>Cs\u00edkmadaras 688.sz\u00e1m Fel\u00faj\u00edtva a Bethlen G\u00e1bor Alapkezel\u0151 Zrt. t\u00e1mogat\u00e1s\u00e1val, 2016-ban.<\/p>\n","protected":false},"author":1,"featured_media":0,"parent":0,"menu_order":0,"comment_status":"closed","ping_status":"closed","template":"","meta":{"_bbp_topic_count":0,"_bbp_reply_count":0,"_bbp_total_topic_count":0,"_bbp_total_reply_count":0,"_bbp_voice_count":0,"_bbp_anonymous_reply_count":0,"_bbp_topic_count_hidden":0,"_bbp_reply_count_hidden":0,"_bbp_forum_subforum_count":0,"footnotes":""},"class_list":["post-3564","page","type-page","status-publish","hentry"],"_links":{"self":[{"href":"https:\/\/www.szekelykapuk.ro\/index.php\/wp-json\/wp\/v2\/pages\/3564","targetHints":{"allow":["GET"]}}],"collection":[{"href":"https:\/\/www.szekelykapuk.ro\/index.php\/wp-json\/wp\/v2\/pages"}],"about":[{"href":"https:\/\/www.szekelykapuk.ro\/index.php\/wp-json\/wp\/v2\/types\/page"}],"author":[{"embeddable":true,"href":"https:\/\/www.szekelykapuk.ro\/index.php\/wp-json\/wp\/v2\/users\/1"}],"replies":[{"embeddable":true,"href":"https:\/\/www.szekelykapuk.ro\/index.php\/wp-json\/wp\/v2\/comments?post=3564"}],"version-history":[{"count":3,"href":"https:\/\/www.szekelykapuk.ro\/index.php\/wp-json\/wp\/v2\/pages\/3564\/revisions"}],"predecessor-version":[{"id":3756,"href":"https:\/\/www.szekelykapuk.ro\/index.php\/wp-json\/wp\/v2\/pages\/3564\/revisions\/3756"}],"wp:attachment":[{"href":"https:\/\/www.szekelykapuk.ro\/index.php\/wp-json\/wp\/v2\/media?parent=3564"}],"curies":[{"name":"wp","href":"https:\/\/api.w.org\/{rel}","templated":true}]}}