{"id":3519,"date":"2019-04-01T06:02:33","date_gmt":"2019-04-01T06:02:33","guid":{"rendered":"https:\/\/www.szekelykapuk.ro\/?page_id=3519"},"modified":"2019-04-01T06:02:33","modified_gmt":"2019-04-01T06:02:33","slug":"15-2","status":"publish","type":"page","link":"https:\/\/www.szekelykapuk.ro\/index.php\/15-2\/","title":{"rendered":"15."},"content":{"rendered":"<p style=\"font-weight: 400;\">Cs\u00edkszereda, Jegeny\u00e9k utca 3 sz\u00e1m.<br \/>\n2014-ben k\u00e9sz\u00fclt \u00e9s 2015 P\u00fcnk\u00f6sdkor lett a hely\u00e9re fel\u00e1ll\u00edtva.<br \/>\nA kapu felirata: \u00c1LD\u00c1S A B\u00c9J\u00d6V\u0150NEK, B\u00c9KE A KIMEN\u0150NEK<\/p>\n<div class=\"better-gallery-container\"><div id=\"gallery-1093398992\" class=\"better-gallery  better-gallery-img-publisher-lg\" data-gallery-id=\"1093398992\"> <div class=\"fotorama\" data-nav=\"thumbs\" data-auto=\"false\" data-ratio=\"16\/7\"><div data-thumb=\"https:\/\/www.szekelykapuk.ro\/wp-content\/uploads\/2019\/04\/sz\u00e9kelykapu-150x150.jpg\">\n                        <a href=\"https:\/\/www.szekelykapuk.ro\/wp-content\/uploads\/2019\/04\/sz\u00e9kelykapu.jpg\" class=\"slide-link\" data-not-rel=\"true\">\n                            <img decoding=\"async\"  data-id=\"3520\" src=\"https:\/\/www.szekelykapuk.ro\/wp-content\/uploads\/2019\/04\/sz\u00e9kelykapu-750x430.jpg\">\n                        <\/a>\n                    <div class=\"slide-title-wrap\"><\/div><\/div><div data-thumb=\"https:\/\/www.szekelykapuk.ro\/wp-content\/uploads\/2019\/04\/sz\u00e9kelykapu3-150x150.jpg\">\n                        <a href=\"https:\/\/www.szekelykapuk.ro\/wp-content\/uploads\/2019\/04\/sz\u00e9kelykapu3.jpg\" class=\"slide-link\" data-not-rel=\"true\">\n                            <img decoding=\"async\"  data-id=\"3521\" src=\"https:\/\/www.szekelykapuk.ro\/wp-content\/uploads\/2019\/04\/sz\u00e9kelykapu3-720x430.jpg\">\n                        <\/a>\n                    <div class=\"slide-title-wrap\"><\/div><\/div><div data-thumb=\"https:\/\/www.szekelykapuk.ro\/wp-content\/uploads\/2019\/04\/sz\u00e9kelykiskapu-150x150.jpg\">\n                        <a href=\"https:\/\/www.szekelykapuk.ro\/wp-content\/uploads\/2019\/04\/sz\u00e9kelykiskapu.jpg\" class=\"slide-link\" data-not-rel=\"true\">\n                            <img decoding=\"async\"  data-id=\"3522\" src=\"https:\/\/www.szekelykapuk.ro\/wp-content\/uploads\/2019\/04\/sz\u00e9kelykiskapu-720x430.jpg\">\n                        <\/a>\n                    <div class=\"slide-title-wrap\"><\/div><\/div><div data-thumb=\"https:\/\/www.szekelykapuk.ro\/wp-content\/uploads\/2019\/04\/sz\u00e9kelykapu-felirat-150x150.jpg\">\n                        <a href=\"https:\/\/www.szekelykapuk.ro\/wp-content\/uploads\/2019\/04\/sz\u00e9kelykapu-felirat.jpg\" class=\"slide-link\" data-not-rel=\"true\">\n                            <img decoding=\"async\"  data-id=\"3523\" src=\"https:\/\/www.szekelykapuk.ro\/wp-content\/uploads\/2019\/04\/sz\u00e9kelykapu-felirat-750x430.jpg\">\n                        <\/a>\n                    <div class=\"slide-title-wrap\"><\/div><\/div><\/div><div class=\"gallery-title clearfix\">    <span class=\"prev\"><i class=\"fa fa-angle-left\"><\/i> El\u0151z\u0151<\/span>\n                    <span class=\"count\"><i class=\"current\">1<\/i> A <i class=\"total\">4<\/i><\/span>\n                    <span class=\"next\">K\u00f6vetkez\u0151 <i class=\"fa fa-angle-right\"><\/i><\/span>\n                <\/div><\/div><script>var prt_gal_img_1093398992 = [\"https:\\\/\\\/www.szekelykapuk.ro\\\/wp-content\\\/uploads\\\/2019\\\/04\\\/sz\\u00e9kelykapu.jpg\",\"https:\\\/\\\/www.szekelykapuk.ro\\\/wp-content\\\/uploads\\\/2019\\\/04\\\/sz\\u00e9kelykapu3.jpg\",\"https:\\\/\\\/www.szekelykapuk.ro\\\/wp-content\\\/uploads\\\/2019\\\/04\\\/sz\\u00e9kelykiskapu.jpg\",\"https:\\\/\\\/www.szekelykapuk.ro\\\/wp-content\\\/uploads\\\/2019\\\/04\\\/sz\\u00e9kelykapu-felirat.jpg\"]; var prt_gal_cap_1093398992 = [\"\",\"\",\"\",\"\"]; <\/script><\/div>\n<p>&nbsp;<\/p>\n","protected":false},"excerpt":{"rendered":"<p>Cs\u00edkszereda, Jegeny\u00e9k utca 3 sz\u00e1m. 2014-ben k\u00e9sz\u00fclt \u00e9s 2015 P\u00fcnk\u00f6sdkor lett a hely\u00e9re fel\u00e1ll\u00edtva. A kapu felirata: \u00c1LD\u00c1S A B\u00c9J\u00d6V\u0150NEK, B\u00c9KE A KIMEN\u0150NEK &nbsp;<\/p>\n","protected":false},"author":1,"featured_media":0,"parent":0,"menu_order":0,"comment_status":"closed","ping_status":"closed","template":"","meta":{"_bbp_topic_count":0,"_bbp_reply_count":0,"_bbp_total_topic_count":0,"_bbp_total_reply_count":0,"_bbp_voice_count":0,"_bbp_anonymous_reply_count":0,"_bbp_topic_count_hidden":0,"_bbp_reply_count_hidden":0,"_bbp_forum_subforum_count":0,"footnotes":""},"class_list":["post-3519","page","type-page","status-publish","hentry"],"_links":{"self":[{"href":"https:\/\/www.szekelykapuk.ro\/index.php\/wp-json\/wp\/v2\/pages\/3519","targetHints":{"allow":["GET"]}}],"collection":[{"href":"https:\/\/www.szekelykapuk.ro\/index.php\/wp-json\/wp\/v2\/pages"}],"about":[{"href":"https:\/\/www.szekelykapuk.ro\/index.php\/wp-json\/wp\/v2\/types\/page"}],"author":[{"embeddable":true,"href":"https:\/\/www.szekelykapuk.ro\/index.php\/wp-json\/wp\/v2\/users\/1"}],"replies":[{"embeddable":true,"href":"https:\/\/www.szekelykapuk.ro\/index.php\/wp-json\/wp\/v2\/comments?post=3519"}],"version-history":[{"count":1,"href":"https:\/\/www.szekelykapuk.ro\/index.php\/wp-json\/wp\/v2\/pages\/3519\/revisions"}],"predecessor-version":[{"id":3524,"href":"https:\/\/www.szekelykapuk.ro\/index.php\/wp-json\/wp\/v2\/pages\/3519\/revisions\/3524"}],"wp:attachment":[{"href":"https:\/\/www.szekelykapuk.ro\/index.php\/wp-json\/wp\/v2\/media?parent=3519"}],"curies":[{"name":"wp","href":"https:\/\/api.w.org\/{rel}","templated":true}]}}